{"id":9373,"date":"2022-05-29T00:54:38","date_gmt":"2022-05-29T00:54:38","guid":{"rendered":"https:\/\/mbrbeauty.be\/?post_type=product&#038;p=9373"},"modified":"2022-06-02T14:20:07","modified_gmt":"2022-06-02T14:20:07","slug":"nail-oil","status":"publish","type":"product","link":"https:\/\/mbrbeauty.be\/index.php\/product\/nail-oil\/","title":{"rendered":"Nail Oil"},"content":{"rendered":"<p>Good hand care also includes a good nail oil. It is beneficial for nails and cuticles. Nail oils contain many valuable active ingredients that nourish and moisturize skin and nails. For healthy skin and strong nails you should definitely rely on nail oil. Target group<\/p>\n<ul>\n<li>for every skin<\/li>\n<\/ul>\n<p>Application Apply around the nail bed daily as often as needed and gently massage in.<\/p>\n<p>&nbsp;<\/p>\n<h4>Suitable for<\/h4>\n<p>any skin<\/p>\n<h4>Active ingredients<\/h4>\n<p class=\"blue\">Abyssinian Oil, Mandel\u00f6l, Oliven\u00f6l, Macadamianuss\u00f6l, Argan\u00f6l, Vitamin E<\/p>\n<h4>Usage<\/h4>\n<p class=\"look-dark\">T\u00e4glich je nach Bedarf um das Nagelbett herum auftragen und leicht einmassieren.<\/p>\n","protected":false},"excerpt":{"rendered":"<p>Delivery time: approx. 2-5 working days<\/p>\n<p><strong>Strengthening nail oil for healthy and well-groomed nails.<\/strong><\/p>\n<p><strong>Wirkung:<\/strong><\/p>\n<ul>\n<li>Nourishes dry and brittle nails<\/li>\n<li>Cares for dry and chapped cuticles<\/li>\n<li>Makes brittle nails elastic again (they do not chip off)<\/li>\n<\/ul>\n","protected":false},"featured_media":9445,"comment_status":"open","ping_status":"closed","template":"","meta":{"spay_email":"","jetpack_publicize_message":"","jetpack_is_tweetstorm":false,"jetpack_publicize_feature_enabled":true},"product_cat":[110,107,116],"product_tag":[],"_links":{"self":[{"href":"https:\/\/mbrbeauty.be\/index.php\/wp-json\/wp\/v2\/product\/9373"}],"collection":[{"href":"https:\/\/mbrbeauty.be\/index.php\/wp-json\/wp\/v2\/product"}],"about":[{"href":"https:\/\/mbrbeauty.be\/index.php\/wp-json\/wp\/v2\/types\/product"}],"replies":[{"embeddable":true,"href":"https:\/\/mbrbeauty.be\/index.php\/wp-json\/wp\/v2\/comments?post=9373"}],"version-history":[{"count":1,"href":"https:\/\/mbrbeauty.be\/index.php\/wp-json\/wp\/v2\/product\/9373\/revisions"}],"predecessor-version":[{"id":9446,"href":"https:\/\/mbrbeauty.be\/index.php\/wp-json\/wp\/v2\/product\/9373\/revisions\/9446"}],"wp:featuredmedia":[{"embeddable":true,"href":"https:\/\/mbrbeauty.be\/index.php\/wp-json\/wp\/v2\/media\/9445"}],"wp:attachment":[{"href":"https:\/\/mbrbeauty.be\/index.php\/wp-json\/wp\/v2\/media?parent=9373"}],"wp:term":[{"taxonomy":"product_cat","embeddable":true,"href":"https:\/\/mbrbeauty.be\/index.php\/wp-json\/wp\/v2\/product_cat?post=9373"},{"taxonomy":"product_tag","embeddable":true,"href":"https:\/\/mbrbeauty.be\/index.php\/wp-json\/wp\/v2\/product_tag?post=9373"}],"curies":[{"name":"wp","href":"https:\/\/api.w.org\/{rel}","templated":true}]}}